 -8*(-1 + 9/d). Determine j(p).
5
Let r(f) = -f - 4. Suppose 4*g - 2*l + 90 = 0, 2*l - 19 = g + 5*l. Let x = -27 - g. Give r(x).
1
Let i(g) = -g + 8. Let w be i(6). Let f(v) be the second derivative of -v**5/20 + v**4/4 - v**3/6 - v**2/2 + 12*v. What is f(w)?
1
Let k(s) = 2*s**3 + 3*s**2 + 0*s**3 - 4*s - s**3 + 0*s + 3. What is k(-4)?
3
Let t(p) be the third derivative of 4*p**2 + 0*p - 2/3*p**3 - 1/24*p**4 + 0. What is t(-4)?
0
Let x(l) = -4*l**2 + l + l**3 + 4 + 2*l - 2 + 0*l. Calculate x(3).
2
Let m(j) = 4*j - 5*j + 0 + 2. What is m(2)?
0
Suppose -5*i + 20 = -2*b + 7*b, 5*i + 16 = 4*b. Suppose -3*h + i*h = -12. Let m(r) = 2*r + 5 - 5*r**2 + r**2 + 3*r**2. What is m(h)?
-3
Let b(r) be the first derivative of r + 1/4*r**4 + 0*r**3 + 3 + 0*r**2. What is b(-1)?
0
Suppose -8 = -i - i. Let c = i + -8. Let b(r) = r**2 + r - 1. Let h(n) = 3*n**2 + 4*n - 4. Let d(z) = -2*b(z) + h(z). What is d(c)?
6
Let h(w) = 2*w - 16. Let f be h(5). Let i(t) be the first derivative of -t**4/4 - 7*t**3/3 - 4*t**2 - 2*t + 3. What is i(f)?
10
Let n(j) be the first derivative of -j**2 - 6*j - 7. Calculate n(-8).
10
Let d(c) = c**3 - 4*c**2 - 2*c + 4. Let b = 1 - -2. What is d(b)?
-11
Let v(b) = -4*b + 2*b + 7*b. Let a be ((-2)/6)/((-2)/30). Let g = a + -6. What is v(g)?
-5
Let w(j) = 80*j**3 + 3 - 167*j**3 + 3*j**2 + 86*j**3 + j. Determine w(3).
6
Let j(k) = -5 + 2*k + k + 10. Let f(v) = 7*v + 11. Let n(p) = 6*f(p) - 13*j(p). Calculate n(-3).
-8
Suppose 3*k - 14 = -8. Let x(v) = 3*v**2 + 11*v**3 - 5*v**3 - 5*v**3 - 8*v**k + 3. Determine x(5).
3
Let x(o) = o**2 + 4*o - 4. Let r = 43 - -20. Suppose -v - 2*v = 3*z - r, -56 = -2*v + 5*z. Suppose 5*p + 4*h - 5*h = -v, 4*p + 18 = h. Determine x(p).
1
Let r(g) = -4*g + 2. Let v be r(2). Let c = -5 - v. Let o(n) = 0*n + 4 - 2*n - 3 + c. Determine o(2).
-2
Suppose 0 = 9*u - 7*u - 4. Let n(m) = -11*m - m**3 + 5*m**u - 22*m + 2 + 40*m. What is n(6)?
8
Let z = -1 - 11. Let r be (z/30)/(2/(-20)). Suppose 6*k = k - 25, -r*k = -3*q + 5. Let l(v) = -v - 5. Give l(q).
0
Let h(g) = -10*g**3 + g**2 + g - 1. Let d(c) = -2*c**2 - 10*c + 13. Let o be d(-6). Calculate h(o).
-9
Let c = -7 + 7. Let q(x) = 0 + 2*x + c*x + 8*x**2 + 2 - 1. Let p = 0 + -1. What is q(p)?
7
Suppose -i + 6*i = 0. Let m(s) be the second derivative of i*s**2 - 1/6*s**3 + 0 - 1/20*s**5 - 2*s + 5/12*s**4. Determine m(2).
10
Let z(w) = w**3 - 4*w**2 - 6*w + 1. Let t = 21 + -16. Determine z(t).
-4
Let h(y) = -3*y - 1. Let m be h(-1). Let g(k) be the second derivative of k**3/3 + k**2 - 11*k. What is g(m)?
6
Suppose -2*s + 1 = -3*x, 0 = -2*s - 2*x + 5 + 1. Let f(g) = -2 - 4*g - g + 3*g + 3*g. Give f(s).
0
Let o(g) = 3*g + 92. Let z be o(-29). Let x(p) be the third derivative of -1/60*p**6 - 5*p**2 + 0 + 0*p**3 + 1/60*p**z + 0*p + 0*p**4. What is x(1)?
-1
Let x(c) be the first derivative of 1 + 1/2*c**2 + 1/3*c**3 - 2*c. Let d = 5 - 8. What is x(d)?
4
Let o(b) be the third derivative of b**5/60 + b**4/6 + 5*b**3/6 + 8*b**2. Calculate o(-5).
10
Let c(x) = -x**3 - 3*x**2 + 4. Let o = -5 - -16. Let n = o - 14. Calculate c(n).
4
Suppose -4*x + 28 = -0*x - 4*r, r - 9 = -3*x. Let z(d) = 2*d + 1 + 3*d - x*d. Give z(4).
5
Let o(n) = 8*n - n**3 - 1 - 2 + 0 + 5*n**2 + 5. Calculate o(6).
14
Let u(d) = d**3 - 6*d**2 + 7*d - 6. Let a(n) = 4*n**2 - 39*n + 33. Let h(w) = -w**2 + 10*w - 8. Let b(v) = 2*a(v) + 9*h(v). Let s be b(11). Determine u(s).
4
Let u(r) = r**2 + 6*r + 5. Let i be 2*3*26/(-39). Determine u(i).
-3
Let d(n) = -n**3 + 3*n**2 + 6*n - 2. Let k(u) = -2*u**3 - 4*u**2 - 4*u - 4. Let w be k(-2). Give d(w).
6
Let b(u) = u**2 + 6*u + 8. Let s(c) = -c**3 + 11*c**2 - 8*c - 14. Let q be s(10). Let d be (9/q)/(6/(-24)). What is b(d)?
8
Let p = 11 + -9. Let a(i) be the first derivative of i**7/840 - i**6/180 + i**5/40 - 2*i**3/3 + 2. Let y(j) be the third derivative of a(j). Calculate y(p).
6
Suppose -t - 3*t + 2 = -5*w, 0 = w - t + 1. Let b be (-4)/(-3) + (-1)/3. Let u(a) = b - 3*a + a + a - a**2. Calculate u(w).
-5
Let h be 1 + -5 + 12/(-6). Let r(i) = -i - 6. Give r(h).
0
Let y(i) = 2*i**2 - 5*i - 2. Let m(w) = w. Let c be m(-7). Let k = -3 - c. Calculate y(k).
10
Let t(p) = -p**2 - 8*p + 18. Let l be t(-10). Let k(j) = -2*j - 2*j + 7*j + 3. Determine k(l).
-3
Let u(f) = f**2 - f + 1. Let v(d) = -3*d**2 + 3*d - 2. Let b(w) = 11*u(w) + 4*v(w). Let t be b(0). Let q(p) = p**2. Determine q(t).
9
Suppose 0 = u - o - 4*o + 25, 20 = 3*u + 4*o. Let a(v) = -v - 9. Determine a(u).
-9
Suppose f = -3*f + 24. Let g(h) = -h**2 - 7*h - 5. Let q be g(-5). Suppose 0 = q*x + 1 - f. Let t(m) = 2*m - 1. What is t(x)?
1
Let j(s) = -s**3 - 5*s**2 - 2*s - 7. Suppose 0 = -0*h - 4*h - 20. Determine j(h).
3
Let s(j) = j**3 - 6*j**2 + j + 4. Let w(n) = n**3 + 6*n**2 - n - 1. Let b be w(-6). What is s(b)?
-16
Let u(i) = i - 1. Let q(f) = -3*f + 4. Let r = -6 - -9. Suppose 8 = 10*v - 9*v. Let o(s) = r*q(s) + v*u(s). What is o(-4)?
8
Let y be (4/(-8))/((-1)/(-8)). Let d(i) = i**3 + 3*i**2 - 3*i + 1. Give d(y).
-3
Let h(i) = -9*i + 1 + i**2 - 4*i + 1 + 14*i. Calculate h(2).
8
Let t(j) = j**2 - 8*j - 6. Let b(l) = -6*l**2 + 41*l + 31. Let d(h) = -2*b(h) - 11*t(h). Let c be d(-3). Let s(u) = u**2 + 3*u + 1. Determine s(c).
11
Let a(m) = -m + 1. Let r be a(-4). Let y(x) = -x. Give y(r).
-5
Let a(k) = -k + k + 2*k. What is a(4)?
8
Let w(x) be the third derivative of -x**5/60 - x**4/24 - x**3/6 + 10*x**2. Determine w(-1).
-1
Let r(j) = 20*j - 50*j + 29*j. What is r(3)?
-3
Let d be -3 + 3 - 0/2. Let m = 0 - d. Let c(q) = 2*q - 3*q + 2 + m*q + 5. Determine c(5).
2
Let z(n) = -n + 1 + 3 + 0*n - 4*n**2 + 3*n**2. Let p(r) = r - 3. Let y be p(3). What is z(y)?
4
Let y = 7 + -15. Let g = y - -11. Let l(f) be the first derivative of -f**4/4 + f**3 + f**2/2 - 2*f - 2. Calculate l(g).
1
Suppose -d - 3*n - 17 = 2*n, 3*d + 11 = 5*n. Let z = d - -3. Let x(l) be the third derivative of -l**5/30 - 5*l**4/24 + l**3/2 - l**2. Determine x(z).
-9
Let i(q) = 2*q - 7. Let m be i(5). Let l(r) = -1 + 8*r + 8*r - 17*r + 0. What is l(m)?
-4
Let g(q) = q**3 - 2*q. Let f = 14 + -4. Let n be 1/3 - f/3. Let o = 5 + n. Determine g(o).
4
Let g(v) = v**2 - 6*v - 4. Let n be 15*5/((-50)/(-4)). Let l be g(n). Let k(m) = 2*m + 6. What is k(l)?
-2
Let s(i) = -2*i - 3. Let y(m) = -4*m - 3. Let z(v) = 2*s(v) - 3*y(v). What is z(-3)?
-21
Suppose 4 = 2*p - 3*c, 2*p - c = -0*p + 8. Let l(a) = 0*a**2 - 1 - 9*a + a**2 - 4 + 3*a. What is l(p)?
-10
Let o(a) = 3*a + 15. Let w(u) = -2*u - 8. Let c(k) = -4*o(k) - 7*w(k). Let v be ((0 - 1)*5)/1. Let m = v - -8. Give c(m).
2
Let n(z) = 11*z**3 - z**2 + 1. Let f be n(-1). Let w = 7 + f. Let q(m) = -m**2 - 3*m - 4. Determine q(w).
-8
Suppose -3*q - 2 = -17. Let w = 10 - q. Let r(g) = -2*g - 3. Let t(s) = 5*s + 10. Let n(h) = 11*r(h) + 4*t(h). What is n(w)?
-3
Let j(d) = -2*d + 2*d - 4*d + 5*d + 2 + 4*d**2. Give j(-2).
16
Let z(y) = -y**2 + 8*y + 23. Let k be z(10). Let g(n) = n**3 + 4*n**2 + n**2 - 6*n**2 - 1 - n + k*n. Let t be (-1 + (3 - 1))*2. Determine g(t).
7
Let r(c) = -c**3 + 3*c**2 - 3. Let k be r(3). Let v(m) be the first derivative of -m**3/3 - 3*m**2/2 + 4*m - 6. Determine v(k).
4
Let q(o) = -9 - 13*o - 5*o + 5*o. Let l(j) = -3*j - 2. Let y(s) = -18*l(s) + 4*q(s). Let u(c) = -2*c**2 - 4*c - 2. Let h be u(-2). What is y(h)?
-4
Let q = 1 + -1. Suppose 2*i - 1 = -2*x - 5, q = 4*x + 5*i + 13. Let n(v) = v + x + 3*v - 2 - 3. Calculate n(2).
6
Let s(b) be the second derivative of b**4/12 + b**3/6 + b**2/2 - 7*b. Let d be ((-8)/(-10))/(6/15). Determine s(d).
7
Let d be -4 - (-70)/5*2/4. Let r = 15 - 9. Suppose -r = d*a, -6*w - 3*a = -4*w + 12. Let s(q) = -q**2 + q + 4. Calculate s(w).
-8
Let f(u) = u**2 + 5*u + 11. Let g(x) = -x**2 - 4*x - 12. Let d(r) = -4*f(r) - 3*g(r). Give d(-7).
-1
Suppose -2*q + 3*i = -4 + 1, -2*q - 3*i = -21. Let v(p) = -q - 4 + 3 + p. Give v(6).
-1
Let s(a) = 3*a**3 - 2*a + 1. Let w(v) = 1 + 4*v**3 - 5*v**3 - 4*v + v**2 + 0*v + 4*v**2. Let i be w(4). Give s(i).
2
Let m = 4 - -2. Let a(v) = -3*v + 12. Let d(s) = -s + 4. Let x(q) = 6*a(q) - 17*d(q). Give x(m).
-2
Suppose -3*v = -0*v + 30. Let f = 11 + v. Let y(z) = 8*z**3 + z**2 - 1. Give y(f).
8
Let a(w) = 0*w - 4*w**2 - 2*w + 5 - 3*w. Let j be 9/12 + 2*1/8. Let i(b) = -b**2 - b + 1. Let o(h) = j*a(h) - 2*i(h). Give o(-3).
-6
Let r = 